ve l(-30).
-2
Let d(z) = 5*z + 72. Give d(-9).
27
Let f(a) = 6*a - 13. Give f(9).
41
Let h(k) = 5*k + 11. What is h(-13)?
-54
Let j(m) = -78*m - 724. What is j(-9)?
-22
Let q(h) = -6*h**3 - h - 1. Calculate q(-2).
49
Let z(m) = -2*m**3 + 3*m**2 + 6*m - 8. Determine z(2).
0
Let m(b) = b**3 + 6*b**2 - 2*b - 12. What is m(-6)?
0
Let k(x) = -2*x**3 + 3*x**2 + 5*x + 8. What is k(-3)?
74
Let m(q) = -10*q + 12. What is m(8)?
-68
Let k(z) = -4*z**2 + z - 4. Calculate k(3).
-37
Let b(d) = -2*d**2 - 14*d + 2. Calculate b(-7).
2
Let g(m) = m**3 + 18*m**2 - 2*m - 24. Determine g(-18).
12
Let f(n) = n**2 - 3*n + 4. What is f(5)?
14
Let y(b) = b**2 - 2*b - 1. Determine y(5).
14
Let d(f) = -f**3 - 17*f**2 - 15*f + 30. Determine d(-16).
14
Let u(o) = -19*o + 89. Give u(5).
-6
Let x(m) = -9*m - 52. What is x(-6)?
2
Let x(i) = -5*i**3 + i**2 - i - 1. Determine x(-1).
6
Let h(k) = k**3 - 10*k**2 - 11*k + 14. Give h(11).
14
Let t(r) = r**3 - r**2 - 93*r - 24. Calculate t(-9).
3
Let y(s) = 3*s - 15. Determine y(-6).
-33
Let l(x) = x**3 - 31*x**2 + 29*x + 43. Calculate l(30).
13
Let x(z) = z**2 - 6*z - 1. What is x(3)?
-10
Let f(w) = 13*w + 283. Calculate f(-21).
10
Let w(y) = 2*y**3 - 32*y**2 - 5*y + 76. What is w(16)?
-4
Let r(f) = -5*f. Calculate r(5).
-25
Let g(l) = -l**3 - 3*l**2 + l - 7. Give g(-3).
-10
Let i(a) = -a**3 - 5*a**2 + 9*a + 9. Calculate i(-6).
-9
Let x(d) = -d**3 + 8*d**2 + 10*d - 6. Calculate x(8).
74
Let z(q) = -q**3 + 6*q**2 - 8*q + 26. Determine z(6).
-22
Let j(w) = w**2 - 11*w + 9. Calculate j(9).
-9
Let d(q) = -q**3 + 17*q**2 - 29*q - 16. Determine d(15).
-1
Let s(m) = 13*m - 97. Determine s(8).
7
Let t(b) = b**3 + 3*b**2 - 4*b + 9. Give t(-6).
-75
Let i(j) = j**2 - 4*j - 12. Give i(6).
0
Let i(s) = -5*s - 1. What is i(-9)?
44
Let m(z) = 2*z**3 + z**2 + 2*z + 1. Calculate m(-2).
-15
Let c(j) = j**3 - 6*j**2 - 6*j - 15. Determine c(7).
-8
Let l(o) = 2*o**2 + o - 3. Determine l(0).
-3
Let g(n) = -n**3 - 9*n**2 + 3*n + 29. What is g(-9)?
2
Let l(n) = -n**3 - 4*n**2 + 7*n + 24. Determine l(-3).
-6
Let q(o) = o**3 - 8*o**2 - 13*o - 71. What is q(10)?
-1
Let p(b) = -13*b + 9. Calculate p(-3).
48
Let g(l) = l**3 + 4*l**2 + 4*l + 25. Give g(-4).
9
Let z(i) = -6*i + 30. Determine z(10).
-30
Let b(w) = 6*w - 25. What is b(-8)?
-73
Let y(i) = -i**3 - 16*i**2 - 12*i + 20. What is y(-15)?
-25
Let u(y) = -y**3 - 8*y**2 + 22*y - 10. Calculate u(-10).
-30
Let v(d) = -d**2 + 5*d + 5. What is v(7)?
-9
Let h(k) = k**3 + 4*k**2 - 5*k - 10. Calculate h(-4).
10
Let v(a) = a**2 - 6*a + 18. Determine v(6).
18
Let d(g) = -g**2 + 15*g + 147. Calculate d(22).
-7
Let t(h) = h**2 + 7*h + 7. What is t(-7)?
7
Let r(d) = -8*d + 5. Determine r(-1).
13
Let v(t) = t**3 + 4*t**2 - 8*t - 14. Determine v(-5).
1
Let a(o) = o**2 - 4*o - 7. Give a(6).
5
Let n(j) = -j + 6. Give n(5).
1
Let u(c) = -c**2 + 17*c - 9. What is u(15)?
21
Let w(f) = f**3 - 4*f**2 - 48*f + 35. What is w(9)?
8
Let c(t) = -24*t**3 - 1. Calculate c(-1).
23
Let m(p) = -p**3 - 2*p**2 - 3*p + 8. Determine m(-5).
98
Let s(u) = u**3 - 7*u**2 + 5*u + 7. Calculate s(6).
1
Let m(h) = 9*h + 1. What is m(-1)?
-8
Let r(j) = -2*j**3 - 39*j**2 + 24*j + 73. Give r(-20).
-7
Let k(o) = -o + 24. Determine k(13).
11
Let q(f) = f**3 - 13*f**2 - 15*f + 19. What is q(14)?
5
Let h(v) = -2*v**3 + 56*v**2 + 58*v - 16. Calculate h(29).
-16
Let t(g) = g**2 - 3*g - 28. Calculate t(-6).
26
Let d(f) = -2*f + 16. What is d(10)?
-4
Let z(w) = 14*w - 36. Determine z(10).
104
Let v(d) = d**3 + 24*d**2 - 26*d - 14. Determine v(-25).
11
Let u(c) = c**2 + 24*c - 16. Calculate u(-25).
9
Let p(t) = 2*t**2 - 17*t + 23. What is p(7)?
2
Let g(t) = 2*t + 19. Give g(-11).
-3
Let h(t) = t + 5. Give h(-4).
1
Let f(w) = 4*w - 4. What is f(6)?
20
Let l(d) = -3*d - 36. What is l(-14)?
6
Let g(d) = 2*d**2 + 9*d - 33. Determine g(-8).
23
Let r(c) = -4*c - 2. What is r(-7)?
26
Let i(l) = -l**2 - 28*l - 68. Give i(-26).
-16
Let n(q) = 8*q - 189. What is n(25)?
11
Let d(k) = k**2 + 3*k - 23. What is d(-7)?
5
Let i(n) = -n**2 - n + 7. Calculate i(2).
1
Let c(p) = p**3 - 10*p**2 + 10*p - 3. Calculate c(9).
6
Let u(b) = 5*b - 7. Determine u(-6).
-37
Let x(z) = -z**3 + 13*z**2 + 13*z - 20. Give x(14).
-34
Let l(j) = -2*j**2 + 10*j + 164. What is l(-7)?
-4
Let k(j) = j**3 + 13*j**2 + 8*j + 306. What is k(-14)?
-2
Let j(n) = 10*n + 10. Give j(-4).
-30
Let l(w) = w**3 - 6*w**2 + 3*w - 16. Give l(7).
54
Let g(l) = -l**3 - 16*l**2 - 5*l - 84. What is g(-16)?
-4
Let f(g) = g**3 + 2*g**2 + 2*g + 1. Give f(-1).
0
Let x(f) = -f - 18. Calculate x(-5).
-13
Let x(v) = -7*v**2 + 6*v + 7. Give x(-1).
-6
Let b(s) = -21*s - 86. Calculate b(-5).
19
Let l(q) = q**3 - q**2 - 4*q - 4. Determine l(-2).
-8
Let k(r) = -r**2 + r + 3. Calculate k(-8).
-69
Let g(x) = x - 30. Calculate g(0).
-30
Let a(g) = g**2 - 10*g - 4. What is a(8)?
-20
Let c(s) = 5*s**2 - 23*s - 11. Determine c(5).
-1
Let d(x) = x**3 - 5*x**2 - 5*x + 3. What is d(6)?
9
Let h(u) = 46*u - 2. Calculate h(1).
44
Let b(m) = 2*m + 8. Give b(-6).
-4
Let x(h) = -h + 4. Determine x(-2).
6
Let o(u) = -u**2 - 10*u - 4. What is o(-7)?
17
Let l(o) = 2*o**2 + o - 3. Calculate l(3).
18
Let b(a) = -4*a - 60. Determine b(-18).
12
Let u(f) = -f**3 - 7*f**2 - 9*f - 12. Determine u(-6).
6
Let r(i) = i**3 - 6*i**2 + 2*i - 1. Determine r(6).
11
Let o(w) = -13*w - 46. What is o(-11)?
97
Let u(n) = -n**2 - 12*n - 28. What is u(-7)?
7
Let b(o) = -o**3 + 5*o**2 + 13*o + 20. Give b(7).
13
Let s(n) = -n**2 - 3*n + 4. Calculate s(-5).
-6
Let q(d) = 3*d - 6. What is q(3)?
3
Let z(c) = c**3 + 5*c**2 + 2*c - 13. Give z(-4).
-5
Let k(z) = z**2 + 6*z + 11. Determine k(-9).
38
Let r(l) = -l**2 + 4*l + 1. Calculate r(5).
-4
Let a(h) = -4*h**3 + 2*h**2 - 1. Calculate a(-2).
39
Let x(w) = 3*w + 28. Determine x(-8).
4
Let k(h) = 14*h + 39. Determine k(-10).
-101
Let y(h) = 6*h - 8. Give y(5).
22
Let s(f) = -8*f + 2. Give s(1).
-6
Let s(v) = -57*v**2 + 1. What is s(-1)?
-56
Let t(i) = -i**3 - 15*i**2 + 19*i + 17. Determine t(-16).
-31
Let a(m) = m**2 - 8*m - 9. Give a(9).
0
Let h(l) = -7*l - 19. Determine h(-3).
2
Let s(q) = 32*q + 20. Determine s(-1).
-12
Let p(a) = -8*a**2 - 4*a - 3. Calculate p(-1).
-7
Let t(y) = 2*y - 13. Determine t(10).
7
Let d(h) = h**2 + 19*h + 89. Determine d(-13).
11
Let s(i) = -i**3 - 30*i**2 - 25*i + 7. Calculate s(-29).
-109
Let l(h) = -5*h**3 + 3*h**2 - 2*h - 2. Give l(2).
-34
Let w(g) = -5*g + 72. What is w(17)?
-13
Let t(f) = 6*f. Give t(9).
54
Let u(s) = s**3 - 8*s**2 + 5*s - 3. Determine u(8).
37
Let w(g) = g**3 + 25*g**2 - 51*g + 64. Calculate w(-27).
-17
Let l(w) = 8*w + 59. Calculate l(-6).
11
Let g(x) = -x**2 + 17*x + 30. Determine g(18).
12
Let p(k) = -2*k**2 - 12*k - 8. What is p(-6)?
-8
Let s(k) = 2*k**2 - 22*k + 56. Determine s(4).
0
Let i(n) = 2*n + 37. Give i(-10).
17
Let o(l) = 4*l**2 + 119*l + 37. Calculate o(-30).
67
Let l(a) = a**3 + 7*a**2 + 3*a + 7. Give l(-7).
-14
Let y(u) = u + 10. Give y(-6).
4
Let d(i) = -i**3 + 12*i**2 + 11*i + 2. What is d(13)?
-24
Let s(z) = -z**3 - 31*z**2 - 29*z + 34. Determine s(-30).
4
Let y(f) = 2*f**2 + 16*f - 69. What is y(3)?
-3
Let y(z) = -z**3 - 4*z**2 - 5*z. Give y(-2).
2
Let d(s) = -s**2 + 7*s + 22. Give d(-4).
-22
Let j(n) = n + 12. What is j(-10)?
2
Let q(r) = -r**2 + 4*r + 22. Determine q(0).
22
Let i(j) = 3*j - 24. Calculate i(-7).
-45
Let z(f) = f**3 + 6*f**2 - 2*f - 21. Give z(-3).
12
Let h(r) = -r**3 - 7*r**2 - 3*r - 5. Calculate h(-6).
-23
Let w(f) = -f**2 - 21*f + 22. Determine w(-22).
0
Let f(m) = -2*m**2 + 5*m - 3. Calculate f(3).
-6
Let q(f) = 13*f - 2. Give q(-3).
-41
Let s(w) = -4*w**2 + 25*w - 41. Calculate s(2).
-7
Let v(y) = -y**2 - 2*y + 5. Give v(-6).
-19
Let g(k) = -k**2 + 36*k + 125. What is g(39)?
8
Let u(f) = f**2 + 37*f + 1. Calculate u(-37).
1
Let q(z) = z + 13. Determine q(-5).
8
Let r(m) = -60*m + 9. Give r(-3).
189
Let m(t) = -4*t**2 - 66*t - 22. Determine m(-16).
10
Let t(w) = -2*w - 15. Calculate t(-6).
-3
Let o(p) = p - 3. Determine o(9).
6
Let w(u) = u**3 + 5*u**2 + 7*u + 10. What is w(-4)?
-2
Let j(b) = -2*b - 9. Calculate j(-9).
9
Let f(l) = l**2 - 6*l - 21. Give f(-3).
6
Let i(x) = x**3 - 5*x**2 - 6*x + 6. Determine i(6).
6
Let r(d) = -d**3 - 10*d**2 - 11*d - 12. Give r(-9).
6
Let x(m) = -6*m - 263. What is x(-44)?
1
Let j(u) = -u**3 